5 + 18 - 29) + 2?
-18
Evaluate 34 + 88 + -11 + (-4 - (9 - 8 - 8)).
114
What is the value of 3 + (18 + -57 - -16) + 68 + (-6 - 1)?
41
(11 - -1) + (-1 - 0) - (363 - (46 + 256))
-50
What is (59 - 60) + ((3 - -1) + 13 - 1)?
15
What is the value of 43 + (-33 - -27 - 25)?
12
What is 35 + (-26 - -7 - (11 + (-11 + 6 - 14)))?
24
Calculate (-9 - (-22 - -14)) + 28 - 88.
-61
What is the value of -5 + (-6 - (5 + 6 + (7 - 0) + -8))?
-21
What is -10 - (-17 - (-14 + 16 + -73 + -9))?
-73
Calculate -32 - -2 - -4 - (89 + -31).
-84
What is (10 - 0) + (-2 - 8 - (102 - (32 + -8)))?
-78
-1 + 57 + 3 + 178 + -166 - -1
72
Evaluate -5 + -77 + (45 - -10).
-27
What is the value of 117 - (52 + 14 + 54)?
-3
Calculate -15 + (62 - 31) - 24 - -28.
20
What is the value of 32 - (7 - -14 - -8 - 20)?
23
Calculate -36 + 5 + 38 + (5 - 41).
-29
Evaluate 0 + 2 - -2 - (64 + -53 + (17 - -2)).
-26
-18 - ((20 - 37) + 49)
-50
What is the value of -19 + (-17 - -27) - -71 - 2?
60
What is -32 - (45 - (-19 + (6 - -22)))?
-68
What is the value of -23 + 32 - (-7 - -1)?
15
Calculate (-80 - -3) + 47 - -37.
7
Evaluate -50 - (5 + -2 + -31 + 2 + 19 + 0).
-43
Calculate (-8 - -73) + 32 + -22.
75
(12 - ((53 - 18) + -19)) + (31 - -3)
30
Calculate 71 + -37 - 33 - (3 - (-3 + 59 + 4)).
58
What is 32 + 16 - 104 - -58?
2
153 + -182 - -15 - (2 + -5 + 106)
-117
Evaluate (-23 - (-10 - 25)) + 27 - -61.
100
Evaluate 15 + -11 + (-4 + (-1 - (-6 - -11)) - -140).
134
What is 29 + (-14 + 3 - 11) + 30?
37
What is the value of -3 + 63 + -182 + 121?
-1
Calculate 107 - (211 + -131) - 111.
-84
Evaluate (-4 - 28) + (12 - 14).
-34
What is the value of -13 - (10 - 10) - (17 - 3 - 37)?
10
16 + 29 + -44 - -15
16
What is the value of 9 - (-11 + -11 + -25 - 0) - (12 + -5)?
49
Evaluate -92 + (170 - (42 + -34)).
70
((-25 - -31) + -6 - -11) + 14
25
-50 - (77 + (61 + -39 - 20))
-129
Evaluate -5 - (-5 + -6 + -29 + 21 + 11 + -21).
24
0 + -26 + (-30 - -64) - (5 + -28)
31
41 + -55 + 60 - 3
43
What is the value of (-15 - -49 - 5) + 56 + -129?
-44
-6 + (64 - -1) + 72 + -63 + -3
65
What is -37 + 59 + 31 - 36 - -22?
39
What is the value of 186 - 171 - (-6 + -6 + 3 + -38)?
62
-10 + (0 - -23 - (122 + -17 + -61))
-31
Calculate 17 + -1 + 2363 + -2403.
-24
-5 + 107 - (15 - (-13 - (-6 + -20))) - -9
109
What is the value of 35 + -34 + -17 + -37 + -6?
-59
-73 + (16 - -95) - 77
-39
What is the value of 2 - (62 - (-6 + (15 - 8) + 4))?
-55
What is the value of 2 + -1 + (31 - -6) + (111 - 76)?
73
Evaluate (0 - ((72 - 53) + (-11 - 11))) + (-83 - 1).
-81
What is (4471 - 4427) + (0 - -1)?
45
-44 + (-5 - -66) - 22
-5
(1 - 9) + 18869 + -18805
56
3 + (-12 + 2 - (12 + -8 - 9)) + 48
46
-20 - -31 - ((4 - 58) + (-7 - (3 - 5)))
70
What is the value of (-2 - -10) + -228 + (-70 - -341)?
51
Evaluate 313 + -286 - (23 - (5 + -5)).
4
19 + (-4 + -28 - -13) - 0 - -9
9
What is the value of -55 + 23 + -2 + 32 + (0 - 44)?
-46
Evaluate 119 + -8 + -208 - -204.
107
(-18 - -38) + 3 - -4 - (-8 - 9)
44
What is the value of -19 + -4 + -18 + 9 + 3 - -4?
-25
Calculate 10 - (125 - 115 - (1 + -39)).
-38
What is (99 - (175 + -43)) + -1 + 11?
-23
Evaluate (-54 - -61) + -3 + (5 - 4) + -30.
-25
Calculate (14 - 0) + 41 + -46 + 27 - 0.
36
What is the value of -4 + -28 + (-17 + -17 - -25)?
-41
What is -10 - ((-5 - (-25 + 14)) + (-4 - -20)) - 9?
-41
Evaluate ((1 - 36) + 25 - (-14 - 4 - -7)) + 107.
108
Evaluate -110 + (14 - (-11 + -91)).
6
What is the value of -55 + (-16 - -79) - (0 - 5) - (105 + 4)?
-96
3 + -8 + (5 - 2) + (0 - (-5 - -1))
2
Evaluate (18 - -51 - 22) + -44.
3
What is the value of (0 - -2) + 92 + -47 + -29 + 12?
30
What is the value of (3 + 39 - (-10 - -64)) + (1 - (-79 - 2))?
70
Calculate ((51 - 1) + 28 + (1 - 35) - 11) + 2.
35
Calculate 19 + (103 - 29 - -15) + 9 + -7.
110
Evaluate -28 - 0 - (1271 + -1224) - (2 + (-1 - -1)).
-77
What is -12 + -46 + (-3 - 27) + 23?
-65
What is the value of -97 + (-6 - 4) - -10 - (9 + -10 + 14)?
-110
(-8 - -13) + 15 + 8 + -11
17
What is 8 - ((-74 - -33) + 34 + (-1 - -15)) - -12?
13
Evaluate 109 + -104 + -2 + -25 - -38.
16
Calculate (4211 - 4272) + (2 - -93).
34
Evaluate -12 + -43 + (-2 - (4 - 7 - 18)).
-36
What is (-93 - 4 - (-337 - -375)) + -13?
-148
Evaluate 4 - 0 - ((-1 - -8) + (13 - (-31 + 19))).
-28
Evaluate -53 - -1 - (3265 - 3269).
-48
Evaluate 27 + -45 + 5 + 10 + 43.
40
Evaluate -27 - (-23 - -10) - 84.
-98
What is -7 + -6 + (-10 - (-1 + -8 - 6)) + 14?
6
What is (-4 - -50) + -54 + (-6 - -3 - 90)?
-101
(1 - (1 - -55)) + (-712 - -746)
-21
What is the value of 37 - 80 - -25 - (-30 - -3)?
9
Calculate 65 - (-68 - (36 + -196)).
-27
What is the value of 106 + -215 - -17 - (-2 + 4 + -16 + 2)?
-80
What is -3 + 15 + 0 + -3 + -50 + 25 + -30?
-46
What is the value of -4 + 18 + (6 - 11 - 8 - -25)?
26
What is the value of (24 - (6 - 12) - 13) + (-14 - (-4 - 3))?
10
-5 - ((-11 - -78) + -7 - (24 + -21))
-62
What is the value of (-18 - (27 - 29)) + 9 - (2 - (5 - -52))?
48
What is -1 - 28 - (1 + 0 - (85 - 54 - 31))?
-30
What is 2 + -1 - ((-125 - 1) + -332 + 333 - -24)?
102
Evaluate -1 - 7 - (-16982 + 16983).
-9
Calculate (-21 + 8 - -3) + 19 + 4 - -11.
24
Calculate -3 + (0 - 0) + (-479 - (-86 - 247)).
-149
Calculate 30 + (-46 - 69) + 161.
76
Calculate -16 + -20 + 67 + -31 + -29.
-29
Calculate (13 - -2) + -10 - -13.
18
Evaluate 2 + (-327 - -374 - (1 + 16)).
32
What is 5 - 2 - (19 + (-12 + 17 - 36))?
15
What is -11 + 11 + 19 + 9 + -129 - (0 + 5)?
-106
Evaluate (-6 + -20 - -28) + (0 - 3 - 1).
-2
(32 + -15 - -94 - ((4 - 4) + 14)) + -1
96
(-28 - -45) + -3 + -13 + -3 - -37
35
What is (-66 - -116) + 0 + -4 + -56?
-10
What is the value of 53 - (4 - -49) - (-14 - (-8 - -5))?
11
What is (-9 - (5 - 10 - 5)) + -72 + 80 - 61?
-52
(100 - 69) + -78 - 8
-55
(12 - -15) + (56 - (43 - 34))
74
What is -19 + 45 + -77 - -71?
20
Evaluate (88 - 121) + (-8 - -1).
-40
Calculate -6 + 29 + 0 + (-399 - -382).
6
What is (35 - (29 - 9)) + 18 - (-5 - 13)?
51
-825 + 819 + -2 + 9
1
Calculate (7 - 0 - -4 - (13 + -17)) + 10 - -5.
30
13 + (51 - 29 - (14 - 0)) + -19 + -118
-116
Evaluate 47 + 2 + 0 - (86 + 79 - 182).
66
Evaluate (43 - 115) + 75 + 86.
89
Calculate (146 - 152) + (5 - (2 + -1 - (6 - 3))).
1
140 - 96 - ((5 - 0) + (0 - 14))
53
What is (0 + 1 - 1) + 747 + -781?
-34
Evaluate 15 - 0 - (5 - 2) - (-25312 + 25220).
104
Evaluate (-8 + 36 - 28) + (-12 - -3).
-9
What is the value of (-850 - -821) + (5 - (0 - 1)) + (-20 - -18)?
-25
What is the value of -6 - (10 - (30 - -1) - (-2 - 0) - 11)?
24
Evaluate (2 - 8 - ((-3 - -63) + 1 + -7)) + 3.
-57
What is -65 + -25 + 2 + 15 + 4?
-69
-69 - -33 - (34 + -35)
-35
30 - (15 + -9 + 33) - 59
-68
Evaluate -10 - 1 - (23 + -15 + 31 + -20 + -19).
-11
Evaluate -1 - -1 - -9 - (57 + -31 - 20).
3
Evaluate (-40 - (-68 + 18)) + 31.
41
What is the value of -376 + 323 + 27 + 1?
-25
(3 + (-1 - -82) - (-61 + 64 - -12)) + -3
66
Calculate -7 - (-14 - (-18 + 5 + -11) - 45).
28
Evaluate 32 - -29 - (-9 - 12).
82
Calculate -15 + 3 + 2 + -3 - (-85 - -115 - 124).
81
-83 + 197 + -2 + -12 + -4
96
33 + -3 - 27 - ((8 - 9) + 78)
-74
5 - (-3 + ((0 - -11) + 19 - (0 + -4)))
-26
Evaluate 56 + (5 - 1) + 1 - (-26 + 28 - -7).
52
What is the value of 6 - (14 + -4 + 9 + 5 + -14)?
-4
Evaluate -52 - (2 + -9 - (9 + 14 + -16)).
-38
Evaluate 229 + -230 + 0 + -8 - 34.
-43
What is -10 + (-1 - -10 - (86 + -73)) + -115?
-129
What is (-6 - -53) + -17 - (-83 - -54)?
59
What is (-4 + 0 + (-3 - 1) - 4) + -12 + -49?
-73
What is 34 - (-87 - -51) - 9?
61
What is the value of -10 + 20 + (0 - -3 - (-9 - -22 - 20))?
20
Calculate 53 - (107 - 80) - 8.
18
Evaluate 13 + (22 - (22 - 31)) + -36.
8
What is the value of -37 + (74 - 42) + (4 - (-66 - -1))?
64
Evaluate 24 - ((-26 - (-19 - -9)) + -13).
53
Evaluate (3 - -45) + -78 + (128 - 20).
78
What is the value of (0 - -12) + (2 - 4) - (-127 + 38 + 44)?
55
Evaluate -5 + -1 + (2 - 4) + 1 + (-131 - 1).
-139
(281 - 170) + -88 - (45 - 0)
-22
Evaluate -95 - (35 + (3 - 93)).
-40
What is the value of 27 - ((2 - -3) + (8 - 3) - (-121 + 125))?
21
Evaluate -7 - (15 + 9 + 0 + (5 - -3)).
-39
Calculate -7 - 49 - (37 - (-3 + 9)).
-87
What is the value of -85 + (30 - 13 - (25 - (3 - -3)))?
-87
What is the value of -30 + (11 - (6 + 3)) + -6 + (-43 - -35)?
-42
Evaluate -52 - (8 + 4 - (64 - 61)).
-61
Calculate 23 - (139 + 125 + -95).
-146
-20 - (-46 + 96) - (10 + (-1 - 1))
-78
What is